ns digit of (-4)/(-4)*o*2?
7
What is the units digit of (-41 - -29 - -11)/(2/(-64914))?
7
Let r = -38 + 3835. What is the hundreds digit of r?
7
Suppose 0 = 2*r + r + 84. Let j = r - -28. Suppose 3*x - 21 = -j. What is the units digit of x?
7
Suppose -53*l = -172*l - 5851 + 147818. What is the hundreds digit of l?
1
Let t(l) = -6*l**3 - 73*l**2 - 15*l - 24. What is the units digit of t(-15)?
6
Suppose 0 = 3*n + 3 - 294. Let a be 1/8 - (-5 + 3871/56). Let b = a + n. What is the tens digit of b?
3
Suppose 0 = -2*o + 4*u + 34, -2*o - 2*u + 28 = -0*o. Let t be (-147)/(-35) - (-12)/o. Suppose 0 = t*b + 2*b - 847. What is the hundreds digit of b?
1
Let n(l) = -3*l - 14. Let z be n(-6). Suppose 0 = 5*b - z*b - 5*i - 565, -2*b + 3*i + 1109 = 0. What is the hundreds digit of b?
5
Let s = 263 - 263. Suppose s = c - 2, 4*c + 504 = -b + 2*b. What is the tens digit of b?
1
Suppose -109*c + 110*c = 2. Suppose -c*i + 7 + 205 = 0. What is the tens digit of (-5 + i/6)*6?
7
Let a = 8401 + -2921. What is the units digit of a?
0
Suppose -5*s = 2*g + 38, -3*s + 4*g - 1 - 1 = 0. Let d(j) = -6*j - 3. Let n be d(s). Let y = n - -6. What is the tens digit of y?
3
Suppose 0 = 4*k + 3*b - 65366, 2*k + 12625 = -b + 45307. What is the units digit of k?
0
Suppose 5*o + 150332 = -4*b + 454261, -303957 = -5*o + 3*b. What is the ten thousands digit of o?
6
Suppose -18*c = -20*c + u + 7703, 5*u + 19270 = 5*c. What is the thousands digit of c?
3
Let c be (-13)/(-4) + (-8)/32. Suppose c*q = 8*q - 1270. Let o = -181 + q. What is the units digit of o?
3
Suppose 3*q = -6*i + 35460, 89*i + 11816 = q + 90*i. What is the hundreds digit of q?
8
Let s be -55 - 8 - 4 - 2*1. Let z = s - -77. Suppose z*u - 12*u = -632. What is the hundreds digit of u?
1
Let u = -843 + 3997. What is the thousands digit of u?
3
Suppose 0*o = -13*o + 26. Suppose -1157 = -16*n + 13*n - o*g, 0 = -2*n + 3*g + 793. What is the tens digit of n?
8
Let a(h) be the first derivative of 5*h**3/3 - 67*h**2 + 43*h - 61. What is the hundreds digit of a(31)?
6
Let h(y) = -716*y + 23. Let q = -350 + 348. What is the thousands digit of h(q)?
1
Suppose 49*d - 12469 = 12*d. Let y = d + 1518. What is the tens digit of y?
5
Suppose -3929 = 5*c - 12*c + 72560. What is the thousands digit of c?
0
Let a be (-7 + 0)*-6 + 2. What is the units digit of 36/a + 2/11?
1
Let s(k) = -k**3 + 7*k**2 - 1. Let w be s(7). Let m(a) = 174*a - 2. Let r be m(w). Let g = r - -251. What is the units digit of g?
5
Suppose -2402 - 1534 = -2*i. Let n be (-2)/(((-8)/i)/((-3)/(-4))). Let m = -119 + n. What is the units digit of m?
0
Suppose 3*l + d - 69663 = 0, -4*l - 2*d = -7*l + 69681. What is the units digit of l?
3
Let q(j) = -12032*j**3 - 19*j - 19. What is the ten thousands digit of q(-1)?
1
Suppose x + 0*n - 5*n = -11, -35 = -5*x - 5*n. What is the units digit of (346/5)/(1*x/20)?
6
Let p(k) = 6*k**3 + 12*k**2 + 4*k + 4. Let w be p(-7). Let i = 2178 + w. What is the units digit of i?
4
Suppose 16*x - 216 = 1640. Suppose 3*g + 5*h = 134, 7*g - 2*h - 169 = 4*g. Let n = x - g. What is the tens digit of n?
6
Let o(j) = -3*j - 14. Let q be o(-7). Suppose -q + 19 = -3*h. What is the tens digit of h - 0 - (8 + -100)?
8
Let m(c) = -1091*c - 785. What is the tens digit of m(-11)?
1
Suppose -2*q - 320 = 6*q. Let b be 1*(-1 - 29)*(-96)/q. Let f = -37 - b. What is the units digit of f?
5
Suppose -52*v + 56*v = 20. Let y = 16 - 14. Let s = y + v. What is the units digit of s?
7
Let h = -6099 + 11683. What is the thousands digit of h?
5
Suppose 0 = v + v. Let x be ((-34)/(-4))/((-5 - v)/(-10)). Suppose 1511 = x*c - 53. What is the tens digit of c?
9
What is the hundreds digit of (29 + (-274775)/116)/((-19)/(-20) + -1)?
7
Suppose -4*i = 5*u - 831 - 294582, -2*i - 5*u + 147689 = 0. What is the units digit of i?
2
Suppose -i + 16 = 3*g, -4*g + 6 = -3*i + 2. Let o = i + 17. Suppose t = -0*t + o. What is the tens digit of t?
2
Let g = 5601 - -4069. What is the hundreds digit of g?
6
Suppose -15 = -6*s + s - 5*o, 4*s - 2 = -2*o. Let a(p) = -2*p - 6. Let h be a(s). What is the tens digit of (1/(-2))/(h/148)?
3
Let q(v) = -6*v**3 - v**2 + v + 2. Let m be q(-1). What is the hundreds digit of (m/9)/2 - (-12843)/27?
4
Let g = 68 + -60. Suppose -8 = 4*t - g*t. Suppose -t*l - 4*o + 16 = 0, 4*o - 10 = -2. What is the units digit of l?
4
Let s be (-2)/(1270/424 + -3). Suppose s = -48*l + 52*l. What is the tens digit of l?
0
Let n(r) = 73*r - 16. Let t = -99 - -103. What is the units digit of n(t)?
6
Let g(t) be the third derivative of -t**6/120 - t**5/12 - t**4/8 + 4*t**3/3 - 121*t**2. What is the tens digit of g(-8)?
2
Suppose 35*z = -20 + 370. Let n = 425 + z. What is the tens digit of n?
3
Let n = 15 + 66. Suppose 692 = n*t - 77*t. What is the units digit of t?
3
Let v(n) = n**3 - 10*n**2 - 4*n + 10. Let j be v(10). Let x = -30 - j. Suppose a - 4*r = -6, x = -a + 5*a + 4*r - 56. What is the units digit of a?
0
Let g = 6250 + -3302. What is the tens digit of g?
4
Let d(k) = -113*k**2 + 4*k + 2. Let r be d(-2). Let p = r - -801. What is the tens digit of p?
4
Let u(d) be the third derivative of 5*d**2 + 1/6*d**4 + 0 - 16/3*d**3 + 0*d. What is the units digit of u(12)?
6
Suppose -3*a = -5*c - 4466 - 6964, 0 = -2*a - 10. Let n = 3500 + c. What is the units digit of n?
1
Let x be (-4)/2 + 212/53. Suppose -d + 216 = x*b, -5*b - 5*d + 534 = -d. What is the hundreds digit of b?
1
Let n(s) = 1629*s + 2638. What is the ten thousands digit of n(19)?
3
Let m = 67241 - 35059. What is the ten thousands digit of m?
3
Let p = -1176 + 0. Let y be (-4)/(-30) + (p/90)/(-7). What is the units digit of (-75)/y*(-8)/6?
0
Let r = -270 + 275. Suppose -4*i = r*f - 313, 0 = 19*i - 23*i + f + 307. What is the tens digit of i?
7
Let k = 311 + -317. What is the units digit of 4 - (-150 - (-9 + 5) - k)?
4
Let v(p) = 2*p + 36. Let c be v(-17). Suppose 2*b = 2*w - 18, -5*b + b - 6 = c*w. Suppose 0*s + 5*k = 4*s - 309, -w*s = -k - 381. What is the tens digit of s?
7
Let s(x) = -2*x + 2. Let a = 43 + -38. Suppose 11*g + 36 = a*g. What is the units digit of s(g)?
4
Let h(w) = 549*w + 43. Let q be h(2). Let r = 1808 - q. What is the hundreds digit of r?
6
Let a = -91 + 176. Let j = 103 - a. Suppose -j*t + 7 + 11 = 0. What is the units digit of t?
1
Suppose 3*x = 5 + 7. Suppose -18 = x*z + 194. Let u = -9 - z. What is the units digit of u?
4
Suppose -s = 3*g - 86219, 51*g - 4*s = 52*g - 28714. What is the hundreds digit of g?
7
Let h(i) = 15*i**2 + 105*i + 10721. What is the thousands digit of h(-63)?
3
Suppose -65*p + 5257813 = 164*p - 20*p. What is the ten thousands digit of p?
2
Let i(s) = -s**3 + 84. Let n be i(0). Suppose 72*d - n*d = -3948. What is the hundreds digit of d?
3
Let h(b) be the second derivative of -3*b**3/2 - 45*b**2/2 + 17*b. Let p(t) = 2*t + 11. Let g(k) = 4*h(k) + 15*p(k). What is the units digit of g(-4)?
9
Suppose 0 = -16*z - 22497 + 2737. Let c = -520 - z. What is the units digit of c?
5
Let z(k) = 18*k - 6. Let w(d) = 36*d - 13. Let l(m) = 6*w(m) - 15*z(m). Let h be l(-2). Suppose h = 2*o + 3*o - s, -s - 96 = -4*o. What is the units digit of o?
4
Let w = -15379 + 16537. What is the hundreds digit of w?
1
Let x be 111716/(-132) - (1/(-3) - 1). Let y = -461 - x. What is the tens digit of y?
8
Let k be (-3)/9 - (35/(-15) - -2). What is the tens digit of 929 + k + 6 + -7?
2
Suppose 3*a - 4*z = -18 + 1, a = 4*z - 19. Suppose -7*p + 2721 = -3*p + 3*d, -d = a. What is the tens digit of p?
8
Let b = 659 - 432. Suppose 30 = 5*m + 5. Suppose d - b = -m*z, -z = 3*d + 4*z - 641. What is the hundreds digit of d?
2
Let t be (-638)/3 + (-24)/(-36). Let g = 44 - t. What is the tens digit of g?
5
Let s be (1092/35)/4 - (-2)/10. Let c be 14 - s - (-6)/9*-3. Suppose -j - x - 4*x = -33, -2*x - 88 = -c*j. What is the tens digit of j?
2
What is the units digit of (5666 - -4)/6 + 3 + (-3 - 3)?
2
Let l(n) = -n**3 + 66*n**2 + 587*n - 295. What is the hundreds digit of l(66)?
4
Let z = 37 + -9. Let v = 21 - z. What is the tens digit of 45 + 1 - (v - -7)?
4
Suppose 165*k + 371520 = 213*k. What is the thousands digit of k?
7
Let s(d) = 5*d - 16*d - 9 - 7. Suppose 0 = 3*c - 95 + 110. What is the tens digit of s(c)?
3
What is the units digit of 18/(-15)*(33/297 + (-35326)/9)?
0
Let g(s) = -7*s**3 - 36*s**2 -